{"id":537,"date":"2026-02-03T10:52:37","date_gmt":"2026-02-03T10:52:37","guid":{"rendered":"https:\/\/www.ecoleinterventionshyperbares.com\/?page_id=537"},"modified":"2026-02-11T20:10:03","modified_gmt":"2026-02-11T20:10:03","slug":"cgv","status":"publish","type":"page","link":"https:\/\/www.ecoleinterventionshyperbares.com\/index.php\/cgv\/","title":{"rendered":"CGV"},"content":{"rendered":"<p>[et_pb_section fb_built=\u00a0\u00bb1&Prime; _builder_version=\u00a0\u00bb4.27.5&Prime; _module_preset=\u00a0\u00bbdefault\u00a0\u00bb min_height=\u00a0\u00bb276px\u00a0\u00bb custom_padding=\u00a0\u00bb120px||0px|||\u00a0\u00bb global_colors_info=\u00a0\u00bb{}\u00a0\u00bb theme_builder_area=\u00a0\u00bbpost_content\u00a0\u00bb][\/et_pb_section][et_pb_section fb_built=\u00a0\u00bb1&Prime; _builder_version=\u00a0\u00bb4.27.5&Prime; _module_preset=\u00a0\u00bbdefault\u00a0\u00bb custom_padding=\u00a0\u00bb7px|||||\u00a0\u00bb global_colors_info=\u00a0\u00bb{}\u00a0\u00bb theme_builder_area=\u00a0\u00bbpost_content\u00a0\u00bb][et_pb_row _builder_version=\u00a0\u00bb4.27.5&Prime; _module_preset=\u00a0\u00bbdefault\u00a0\u00bb width=\u00a0\u00bb98%\u00a0\u00bb max_width=\u00a0\u00bb2487px\u00a0\u00bb global_colors_info=\u00a0\u00bb{}\u00a0\u00bb theme_builder_area=\u00a0\u00bbpost_content\u00a0\u00bb][et_pb_column type=\u00a0\u00bb4_4&Prime; _builder_version=\u00a0\u00bb4.27.5&Prime; _module_preset=\u00a0\u00bbdefault\u00a0\u00bb global_colors_info=\u00a0\u00bb{}\u00a0\u00bb theme_builder_area=\u00a0\u00bbpost_content\u00a0\u00bb][et_pb_text _builder_version=\u00a0\u00bb4.27.5&Prime; _module_preset=\u00a0\u00bbdefault\u00a0\u00bb text_font=\u00a0\u00bbFira Code|&#8211;et_global_body_font_weight||on|||||\u00a0\u00bb text_font_size=\u00a0\u00bb25px\u00a0\u00bb text_line_height=\u00a0\u00bb1.3em\u00a0\u00bb hover_enabled=\u00a0\u00bb0&Prime; global_colors_info=\u00a0\u00bb{}\u00a0\u00bb theme_builder_area=\u00a0\u00bbpost_content\u00a0\u00bb sticky_enabled=\u00a0\u00bb0&Prime; header_font=\u00a0\u00bbFira Code|||on|||||\u00a0\u00bb header_font_size=\u00a0\u00bb25px\u00a0\u00bb]<\/p>\n<h1>conditions g\u00e9n\u00e9rales de vente<\/h1>\n<p>[\/et_pb_text][\/et_pb_column][\/et_pb_row][\/et_pb_section][et_pb_section fb_built=\u00a0\u00bb1&Prime; _builder_version=\u00a0\u00bb4.27.5&Prime; _module_preset=\u00a0\u00bbdefault\u00a0\u00bb custom_padding=\u00a0\u00bb108px||8px|||\u00a0\u00bb global_colors_info=\u00a0\u00bb{}\u00a0\u00bb theme_builder_area=\u00a0\u00bbpost_content\u00a0\u00bb][et_pb_row _builder_version=\u00a0\u00bb4.27.5&Prime; _module_preset=\u00a0\u00bbdefault\u00a0\u00bb module_alignment=\u00a0\u00bbcenter\u00a0\u00bb custom_padding=\u00a0\u00bb20px||106px|||\u00a0\u00bb hover_enabled=\u00a0\u00bb0&Prime; global_colors_info=\u00a0\u00bb{}\u00a0\u00bb theme_builder_area=\u00a0\u00bbpost_content\u00a0\u00bb sticky_enabled=\u00a0\u00bb0&Prime;][et_pb_column type=\u00a0\u00bb4_4&Prime; _builder_version=\u00a0\u00bb4.27.5&Prime; _module_preset=\u00a0\u00bbdefault\u00a0\u00bb global_colors_info=\u00a0\u00bb{}\u00a0\u00bb theme_builder_area=\u00a0\u00bbpost_content\u00a0\u00bb][et_pb_text _builder_version=\u00a0\u00bb4.27.5&Prime; _module_preset=\u00a0\u00bbdefault\u00a0\u00bb text_font=\u00a0\u00bbArial|||on|||||\u00a0\u00bb text_font_size=\u00a0\u00bb14px\u00a0\u00bb text_line_height=\u00a0\u00bb1.3em\u00a0\u00bb header_font=\u00a0\u00bbFira Code|||on|||||\u00a0\u00bb header_line_height=\u00a0\u00bb1.3em\u00a0\u00bb header_2_font=\u00a0\u00bbFira Code||||||||\u00a0\u00bb header_2_font_size=\u00a0\u00bb18px\u00a0\u00bb header_2_line_height=\u00a0\u00bb1.3em\u00a0\u00bb module_alignment=\u00a0\u00bbleft\u00a0\u00bb hover_enabled=\u00a0\u00bb0&Prime; global_colors_info=\u00a0\u00bb{}\u00a0\u00bb theme_builder_area=\u00a0\u00bbpost_content\u00a0\u00bb sticky_enabled=\u00a0\u00bb0&Prime;]<\/p>\n<h2 class=\"p3\"><b>\u00c9COLE D\u2019INTERVENTIONS HYPERBARES (EIH)<\/b><\/h2>\n<h4 class=\"p1\"><b>Version en vigueur au 11 f\u00e9vrier 2026<\/b><b><\/b><\/h4>\n<h4 class=\"p3\"><b>CONDITIONS G\u00c9N\u00c9RALES DE VENTE<\/b><\/h4>\n<p class=\"p4\"><b><\/b><\/p>\n<p class=\"p4\"><b><\/b><\/p>\n<p class=\"p4\"><b><\/b><\/p>\n<p class=\"p4\"><b>ARTICLE 1 \u2013 IDENTIFICATION<\/b><\/p>\n<p class=\"p1\"><b>D\u00e9nomination :<\/b> \u00c9COLE D\u2019INTERVENTIONS HYPERBARES (EIH), SAS<br \/><b>Si\u00e8ge social :<\/b> 8 Rue des Anciennes \u00c9coles, 83740 La Cadi\u00e8re-d\u2019Azur, France<br \/><b>SIRET :<\/b> 991 749 201 00018<br \/><b>TVA :<\/b> Applicable selon la r\u00e9glementation en vigueur<br \/><b>D\u00e9claration d\u2019activit\u00e9 :<\/b> n\u00b0 93830857983 \u2013 Pr\u00e9fet R\u00e9gion PACA<br \/><b>Code APE :<\/b> 85.59A \u2013 Formation continue d\u2019adultes<\/p>\n<p class=\"p4\"><b>ARTICLE 2 \u2013 OBJET<\/b><\/p>\n<p class=\"p1\">Les pr\u00e9sentes Conditions G\u00e9n\u00e9rales de Vente (CGV) r\u00e9gissent :<\/p>\n<ul class=\"ul1\">\n<li class=\"li1\">Les formations professionnelles en plong\u00e9e relevant du Certificat d\u2019Aptitude \u00e0 l\u2019Hyperbarie (CAH) Mention B ;<\/li>\n<li class=\"li1\">Les formations de sp\u00e9cialit\u00e9 en plong\u00e9e ne relevant pas du dispositif r\u00e9glementaire CAH ;<\/li>\n<li class=\"li1\">Les prestations de conseil, d\u2019audit et d\u2019expertise technique.<\/li>\n<\/ul>\n<p class=\"p1\">Toute inscription ou commande implique l\u2019acceptation pleine et enti\u00e8re des pr\u00e9sentes CGV.<\/p>\n<p class=\"p4\"><b>ARTICLE 3 \u2013 ACTE CONTRACTUEL<\/b><\/p>\n<p class=\"p1\">Toute prestation fait l\u2019objet :<\/p>\n<ul class=\"ul1\">\n<li class=\"li1\">d\u2019un devis accept\u00e9,<\/li>\n<li class=\"li1\">d\u2019un bon de commande,<\/li>\n<li class=\"li1\">ou d\u2019une convention\/contrat sign\u00e9.<\/li>\n<\/ul>\n<p class=\"p1\">Le document contractuel pr\u00e9cise notamment :<\/p>\n<ul class=\"ul1\">\n<li class=\"li1\">l\u2019identit\u00e9 des parties,<\/li>\n<li class=\"li1\">la nature de la prestation,<\/li>\n<li class=\"li1\">les objectifs,<\/li>\n<li class=\"li1\">la dur\u00e9e,<\/li>\n<li class=\"li1\">le lieu,<\/li>\n<li class=\"li1\">le prix.<\/li>\n<\/ul>\n<p class=\"p1\">Toute modification donne lieu \u00e0 un avenant \u00e9crit.<\/p>\n<p class=\"p3\"><b>TITRE I \u2013 FORMATIONS<\/b><\/p>\n<p class=\"p4\"><b>ARTICLE 4 \u2013 OBLIGATIONS DU STAGIAIRE<\/b><\/p>\n<p class=\"p1\">Le stagiaire s\u2019engage \u00e0 :<\/p>\n<ul class=\"ul1\">\n<li class=\"li1\">Fournir des informations exactes lors de l\u2019inscription ;<\/li>\n<li class=\"li1\">Respecter strictement les consignes de s\u00e9curit\u00e9 li\u00e9es aux activit\u00e9s de plong\u00e9e et \u00e0 l\u2019utilisation du mat\u00e9riel technique ;<\/li>\n<li class=\"li1\">Respecter le r\u00e8glement int\u00e9rieur de l\u2019EIH.<\/li>\n<\/ul>\n<p class=\"p1\">Le non-respect du r\u00e8glement int\u00e9rieur peut entra\u00eener l\u2019exclusion sans remboursement.<\/p>\n<p class=\"p4\"><b>ARTICLE 5 \u2013 APTITUDE M\u00c9DICALE<\/b><\/p>\n<p class=\"p1\">L\u2019acc\u00e8s aux formations impliquant des activit\u00e9s de plong\u00e9e professionnelle est subordonn\u00e9 \u00e0 la pr\u00e9sentation d\u2019un certificat m\u00e9dical de non-contre-indication \u00e0 la plong\u00e9e professionnelle datant de moins d\u2019un an \u00e0 la date d\u2019entr\u00e9e en formation.<\/p>\n<p class=\"p1\">Ce certificat doit \u00eatre d\u00e9livr\u00e9 par un m\u00e9decin comp\u00e9tent en m\u00e9decine hyperbare.<\/p>\n<p class=\"p1\">Pour les formations impliquant des plong\u00e9es au m\u00e9lange dans le cadre du CAH Mention B \u2013 classe 3B, un certificat mentionnant express\u00e9ment l\u2019absence de contre-indication aux plong\u00e9es au trimix, d\u00e9livr\u00e9 par un m\u00e9decin hyperbare et datant de moins d\u2019un an, est exig\u00e9.<\/p>\n<p class=\"p1\">\u00c0 d\u00e9faut de certificat conforme, l\u2019acc\u00e8s aux activit\u00e9s pratiques pourra \u00eatre refus\u00e9 sans remboursement.<\/p>\n<p class=\"p4\"><b>ARTICLE 6 \u2013 CHAMP DES FORMATIONS<\/b><\/p>\n<p class=\"p1\">L\u2019EIH dispense :<\/p>\n<ul class=\"ul1\">\n<li class=\"li1\">Des formations relevant du CAH Mention B conform\u00e9ment aux articles R.4461-1 et suivants du Code du travail ;<\/li>\n<li class=\"li1\">Des formations de sp\u00e9cialit\u00e9 en plong\u00e9e ne relevant pas du dispositif r\u00e9glementaire CAH.<\/li>\n<\/ul>\n<p class=\"p1\">La Mention B couvre notamment :<\/p>\n<ul class=\"ul1\">\n<li class=\"li1\">Activit\u00e9s scientifiques et techniques ;<\/li>\n<li class=\"li1\">Recherche et exp\u00e9rimentation ;<\/li>\n<li class=\"li1\">P\u00eache professionnelle ;<\/li>\n<li class=\"li1\">Activit\u00e9s audiovisuelles et m\u00e9diatiques ;<\/li>\n<li class=\"li1\">Autres activit\u00e9s subaquatiques ne relevant pas des travaux publics.<\/li>\n<\/ul>\n<p class=\"p1\">L\u2019EIH ne dispense pas de formations relevant des Mentions A, C ou D.<\/p>\n<p class=\"p4\"><b>ARTICLE 7 \u2013 CERTIFICATION<\/b><\/p>\n<p class=\"p1\">La certification CAH Mention B est d\u00e9livr\u00e9e sous r\u00e9serve :<\/p>\n<ul class=\"ul1\">\n<li class=\"li1\">de l\u2019assiduit\u00e9 ;<\/li>\n<li class=\"li1\">de la validation des comp\u00e9tences ;<\/li>\n<li class=\"li1\">du respect des exigences r\u00e9glementaires.<\/li>\n<\/ul>\n<p class=\"p1\">Les formations de sp\u00e9cialit\u00e9 ne constituent pas une certification CAH sauf mention expresse.<\/p>\n<p class=\"p4\"><b>ARTICLE 8 \u2013 PRIX<\/b><\/p>\n<p class=\"p1\">Le prix comprend les frais p\u00e9dagogiques et les supports.<\/p>\n<p class=\"p1\">Peuvent \u00eatre factur\u00e9s en sus :<\/p>\n<ul class=\"ul1\">\n<li class=\"li1\">la location de mat\u00e9riel sp\u00e9cifique ;<\/li>\n<li class=\"li1\">certains frais administratifs.<\/li>\n<\/ul>\n<p class=\"p4\"><b>ARTICLE 9 \u2013 LOCATION DE MAT\u00c9RIEL<\/b><\/p>\n<p class=\"p1\">Le stagiaire est responsable du mat\u00e9riel confi\u00e9.<\/p>\n<p class=\"p1\">En cas de perte, casse ou d\u00e9gradation anormale, les frais r\u00e9els de r\u00e9paration ou de remplacement seront factur\u00e9s.<\/p>\n<p class=\"p1\">L\u2019usure normale li\u00e9e \u00e0 une utilisation conforme n\u2019est pas factur\u00e9e.<\/p>\n<p class=\"p1\">Le stagiaire demeure responsable de son mat\u00e9riel personnel.<br \/>L\u2019EIH d\u00e9cline toute responsabilit\u00e9 en cas de perte, vol ou d\u00e9t\u00e9rioration de celui-ci.<\/p>\n<p class=\"p4\"><b>ARTICLE 10 \u2013 FACTURATION ET PAIEMENT<\/b><\/p>\n<p class=\"p5\"><b>Particuliers<\/b><\/p>\n<ul class=\"ul1\">\n<li class=\"li1\">Acompte de 50 % \u00e0 l\u2019inscription ;<\/li>\n<li class=\"li1\">Solde payable au plus tard le premier jour de formation.<\/li>\n<\/ul>\n<p class=\"p1\">Les sommes vers\u00e9es constituent des acomptes.<\/p>\n<p class=\"p5\"><b>Entreprises<\/b><\/p>\n<p class=\"p1\">Facturation \u00e0 l\u2019issue de la prestation ou selon les modalit\u00e9s contractuelles.<br \/>Paiement direct ou via Chorus Pro le cas \u00e9ch\u00e9ant.<\/p>\n<p class=\"p5\"><b>Financement par un tiers<\/b><\/p>\n<p class=\"p1\">En cas de prise en charge par un organisme financeur, le stagiaire ou l\u2019entreprise demeure responsable des sommes non r\u00e9gl\u00e9es.<\/p>\n<p class=\"p1\">Tout retard de paiement entra\u00eene l\u2019application des p\u00e9nalit\u00e9s l\u00e9gales ainsi que de l\u2019indemnit\u00e9 forfaitaire de recouvrement pr\u00e9vue par la r\u00e9glementation en vigueur.<\/p>\n<p class=\"p4\"><b>ARTICLE 11 \u2013 ANNULATION PAR LE STAGIAIRE<\/b><\/p>\n<p class=\"p1\">Toute annulation doit \u00eatre notifi\u00e9e par \u00e9crit.<\/p>\n<ul class=\"ul1\">\n<li class=\"li1\">Plus de 30 jours avant le d\u00e9but : remboursement int\u00e9gral<\/li>\n<li class=\"li1\">De 30 \u00e0 15 jours : 30 % du prix total d\u00fb<\/li>\n<li class=\"li1\">Moins de 15 jours : 50 % du prix total d\u00fb<\/li>\n<li class=\"li1\">Moins de 7 jours ou absence : 100 % du prix total d\u00fb<\/li>\n<\/ul>\n<p class=\"p1\">En cas d\u2019abandon en cours de formation, les heures r\u00e9alis\u00e9es sont dues au prorata.<\/p>\n<p class=\"p4\"><b>ARTICLE 12 \u2013 ANNULATION OU REPORT PAR L\u2019EIH<\/b><\/p>\n<p class=\"p1\">L\u2019EIH peut reporter ou annuler une formation pour des raisons :<\/p>\n<ul class=\"ul1\">\n<li class=\"li1\">p\u00e9dagogiques ;<\/li>\n<li class=\"li1\">techniques ;<\/li>\n<li class=\"li1\">logistiques ;<\/li>\n<li class=\"li1\">r\u00e9glementaires ;<\/li>\n<li class=\"li1\">sanitaires ;<\/li>\n<li class=\"li1\">climatiques ou maritimes ne permettant pas de garantir la s\u00e9curit\u00e9.<\/li>\n<\/ul>\n<p class=\"p1\">En cas de report, les sommes vers\u00e9es sont conserv\u00e9es.<\/p>\n<p class=\"p1\">En cas d\u2019annulation d\u00e9finitive, les sommes vers\u00e9es sont rembours\u00e9es int\u00e9gralement, sans indemnit\u00e9 compl\u00e9mentaire.<\/p>\n<p class=\"p3\"><b>TITRE II \u2013 CONSEIL ET EXPERTISE<\/b><\/p>\n<p class=\"p4\"><b>ARTICLE 13 \u2013 OBJET<\/b><\/p>\n<p class=\"p1\">L\u2019EIH r\u00e9alise des prestations de conseil, d\u2019audit et d\u2019expertise technique en plong\u00e9e professionnelle dans le cadre du CAH Mention B.<\/p>\n<p class=\"p4\"><b>ARTICLE 14 \u2013 PRIX ET PAIEMENT<\/b><\/p>\n<p class=\"p1\">Les prestations sont factur\u00e9es au forfait ou au temps pass\u00e9.<\/p>\n<p class=\"p1\">Un acompte de 30 % peut \u00eatre exig\u00e9 pour toute mission d\u2019un montant sup\u00e9rieur \u00e0 1 000 \u20ac.<\/p>\n<p class=\"p4\"><b>ARTICLE 15 \u2013 RESPONSABILIT\u00c9 (CONSEIL)<\/b><\/p>\n<p class=\"p1\">L\u2019EIH est tenue \u00e0 une obligation de moyens.<\/p>\n<p class=\"p1\">Sa responsabilit\u00e9 est limit\u00e9e au montant factur\u00e9 pour la mission concern\u00e9e.<\/p>\n<p class=\"p4\"><b>ARTICLE 16 \u2013 ANNULATION (CONSEIL)<\/b><\/p>\n<p class=\"p1\">Annulation par le client :<\/p>\n<ul class=\"ul1\">\n<li class=\"li1\">Moins de 7 jours avant : 30 % d\u00fb ;<\/li>\n<li class=\"li1\">Le jour m\u00eame : 50 % d\u00fb.<\/li>\n<\/ul>\n<p class=\"p1\">Annulation par l\u2019EIH : report ou remboursement int\u00e9gral.<\/p>\n<p class=\"p3\"><b>DISPOSITIONS FINALES<\/b><\/p>\n<p class=\"p4\"><b>ARTICLE 17 \u2013 FORCE MAJEURE<\/b><\/p>\n<p class=\"p1\">Le contrat est suspendu en cas d\u2019\u00e9v\u00e9nement impr\u00e9visible au sens de l\u2019article 1218 du Code civil (conditions maritimes exceptionnelles, interdictions administratives, pand\u00e9mie, etc.).<\/p>\n<p class=\"p1\">Au-del\u00e0 de 60 jours, chacune des parties pourra r\u00e9silier le contrat sans indemnit\u00e9.<\/p>\n<p class=\"p4\"><b>ARTICLE 18 \u2013 RESPONSABILIT\u00c9 G\u00c9N\u00c9RALE<\/b><\/p>\n<p class=\"p1\">L\u2019EIH est tenue \u00e0 une obligation de moyens.<\/p>\n<p class=\"p1\">Sa responsabilit\u00e9 est limit\u00e9e :<\/p>\n<ul class=\"ul1\">\n<li class=\"li1\">au montant pay\u00e9 pour la formation ;<\/li>\n<li class=\"li1\">au montant factur\u00e9 pour une mission de conseil.<\/li>\n<\/ul>\n<p class=\"p1\">Aucun dommage indirect ne pourra \u00eatre r\u00e9clam\u00e9.<\/p>\n<p class=\"p4\"><b>ARTICLE 19 \u2013 ASSURANCES<\/b><\/p>\n<p class=\"p1\">L\u2019EIH est couverte par une assurance responsabilit\u00e9 civile professionnelle.<\/p>\n<p class=\"p1\">Il appartient au stagiaire de disposer d\u2019une assurance adapt\u00e9e aux risques li\u00e9s \u00e0 la plong\u00e9e professionnelle.<\/p>\n<p class=\"p4\"><b>ARTICLE 20 \u2013 PROPRI\u00c9T\u00c9 INTELLECTUELLE<\/b><\/p>\n<p class=\"p1\">Tous les supports p\u00e9dagogiques et documents remis demeurent la propri\u00e9t\u00e9 exclusive de l\u2019EIH.<\/p>\n<p class=\"p1\">Une licence d\u2019usage interne, personnelle et non cessible est accord\u00e9e au stagiaire.<\/p>\n<p class=\"p4\"><b>ARTICLE 21 \u2013 CONFIDENTIALIT\u00c9<\/b><\/p>\n<p class=\"p1\">Les informations techniques, p\u00e9dagogiques et commerciales sont confidentielles pendant une dur\u00e9e de 5 ans apr\u00e8s la fin de la prestation.<\/p>\n<p class=\"p4\"><b>ARTICLE 22 \u2013 DONN\u00c9ES PERSONNELLES<\/b><\/p>\n<p class=\"p1\">Les donn\u00e9es personnelles sont trait\u00e9es conform\u00e9ment au RGPD et \u00e0 la loi n\u00b078-17 modifi\u00e9e.<\/p>\n<p class=\"p4\"><b>ARTICLE 23 \u2013 M\u00c9DIATION<\/b><\/p>\n<p class=\"p1\">Conform\u00e9ment au Code de la consommation, le client particulier peut recourir gratuitement \u00e0 un m\u00e9diateur de la consommation en cas de litige non r\u00e9solu \u00e0 l\u2019amiable.<\/p>\n<p class=\"p4\"><b>ARTICLE 24 \u2013 INT\u00c9GRALIT\u00c9<\/b><\/p>\n<p class=\"p1\">Si une clause des pr\u00e9sentes CGV est d\u00e9clar\u00e9e nulle ou inapplicable, les autres dispositions demeurent applicables.<\/p>\n<p class=\"p4\"><b>ARTICLE 25 \u2013 DROIT APPLICABLE<\/b><\/p>\n<p class=\"p1\">Les pr\u00e9sentes CGV sont soumises au droit fran\u00e7ais.<\/p>\n<p class=\"p1\">Tout litige rel\u00e8ve de la comp\u00e9tence des juridictions fran\u00e7aises.<\/p>\n<p>[\/et_pb_text][\/et_pb_column][\/et_pb_row][\/et_pb_section]<\/p>\n","protected":false},"excerpt":{"rendered":"<p>conditions g\u00e9n\u00e9rales de vente\u00c9COLE D\u2019INTERVENTIONS HYPERBARES (EIH) Version en vigueur au 11 f\u00e9vrier 2026 CONDITIONS G\u00c9N\u00c9RALES DE VENTE ARTICLE 1 \u2013 IDENTIFICATION D\u00e9nomination : \u00c9COLE D\u2019INTERVENTIONS HYPERBARES (EIH), SASSi\u00e8ge social : 8 Rue des Anciennes \u00c9coles, 83740 La Cadi\u00e8re-d\u2019Azur, FranceSIRET : 991 749 201 00018TVA : Applicable selon la r\u00e9glementation en vigueurD\u00e9claration d\u2019activit\u00e9 : n\u00b0 [&hellip;]<\/p>\n","protected":false},"author":1,"featured_media":0,"parent":0,"menu_order":0,"comment_status":"closed","ping_status":"closed","template":"","meta":{"_et_pb_use_builder":"on","_et_pb_old_content":"","_et_gb_content_width":"","footnotes":""},"class_list":["post-537","page","type-page","status-publish","hentry"],"_links":{"self":[{"href":"https:\/\/www.ecoleinterventionshyperbares.com\/index.php\/wp-json\/wp\/v2\/pages\/537","targetHints":{"allow":["GET"]}}],"collection":[{"href":"https:\/\/www.ecoleinterventionshyperbares.com\/index.php\/wp-json\/wp\/v2\/pages"}],"about":[{"href":"https:\/\/www.ecoleinterventionshyperbares.com\/index.php\/wp-json\/wp\/v2\/types\/page"}],"author":[{"embeddable":true,"href":"https:\/\/www.ecoleinterventionshyperbares.com\/index.php\/wp-json\/wp\/v2\/users\/1"}],"replies":[{"embeddable":true,"href":"https:\/\/www.ecoleinterventionshyperbares.com\/index.php\/wp-json\/wp\/v2\/comments?post=537"}],"version-history":[{"count":6,"href":"https:\/\/www.ecoleinterventionshyperbares.com\/index.php\/wp-json\/wp\/v2\/pages\/537\/revisions"}],"predecessor-version":[{"id":1100,"href":"https:\/\/www.ecoleinterventionshyperbares.com\/index.php\/wp-json\/wp\/v2\/pages\/537\/revisions\/1100"}],"wp:attachment":[{"href":"https:\/\/www.ecoleinterventionshyperbares.com\/index.php\/wp-json\/wp\/v2\/media?parent=537"}],"curies":[{"name":"wp","href":"https:\/\/api.w.org\/{rel}","templated":true}]}}