{"id":601,"date":"2026-02-03T11:50:01","date_gmt":"2026-02-03T11:50:01","guid":{"rendered":"https:\/\/www.ecoleinterventionshyperbares.com\/?page_id=601"},"modified":"2026-03-23T16:37:29","modified_gmt":"2026-03-23T16:37:29","slug":"financement","status":"publish","type":"page","link":"https:\/\/www.ecoleinterventionshyperbares.com\/index.php\/financement\/","title":{"rendered":"TARIFS"},"content":{"rendered":"<p>[et_pb_section fb_built=\u00a0\u00bb1&Prime; _builder_version=\u00a0\u00bb4.27.5&Prime; _module_preset=\u00a0\u00bbdefault\u00a0\u00bb custom_padding=\u00a0\u00bb7px|||||\u00a0\u00bb global_colors_info=\u00a0\u00bb{}\u00a0\u00bb][et_pb_row _builder_version=\u00a0\u00bb4.27.6&Prime; _module_preset=\u00a0\u00bbdefault\u00a0\u00bb width=\u00a0\u00bb99%\u00a0\u00bb max_width=\u00a0\u00bb2487px\u00a0\u00bb custom_margin=\u00a0\u00bb100px|auto||auto||\u00a0\u00bb hover_enabled=\u00a0\u00bb0&Prime; global_colors_info=\u00a0\u00bb{}\u00a0\u00bb sticky_enabled=\u00a0\u00bb0&Prime;][et_pb_column type=\u00a0\u00bb4_4&Prime; _builder_version=\u00a0\u00bb4.27.5&Prime; _module_preset=\u00a0\u00bbdefault\u00a0\u00bb global_colors_info=\u00a0\u00bb{}\u00a0\u00bb][et_pb_text _builder_version=\u00a0\u00bb4.27.6&Prime; _module_preset=\u00a0\u00bbdefault\u00a0\u00bb text_font=\u00a0\u00bbFira Code|&#8211;et_global_body_font_weight||on|||||\u00a0\u00bb text_font_size=\u00a0\u00bb25px\u00a0\u00bb text_line_height=\u00a0\u00bb1.3em\u00a0\u00bb header_font=\u00a0\u00bbArial||||||||\u00a0\u00bb header_line_height=\u00a0\u00bb1.4em\u00a0\u00bb header_2_font=\u00a0\u00bbArial||||||||\u00a0\u00bb header_2_text_color=\u00a0\u00bb#4f4f4f\u00a0\u00bb header_2_font_size=\u00a0\u00bb17px\u00a0\u00bb global_colors_info=\u00a0\u00bb{}\u00a0\u00bb]<\/p>\n<h1>NOS FORMATIONS PROFESSIONNELLES SONT CERTIFI\u00c9ES APAVE ET QUALIOPI ET PEUVENT FAIRE L&rsquo;OBJET DE FINANCEMENTS. LE CO\u00dbT DE LA FORMATION PEUT-\u00caTRE PRIS EN CHARGE PAR L&rsquo;EMPLOYEUR OU DIVERS ORGANISMES COMME FRANCE TRAVAIL OU LES OPCO.<\/h1>\n<h2><\/h2>\n<h2>VOICI UNE LISTE DES PRINCIPALES OPTIONS DE FINANCEMENTS POSSIBLES ACCESSIBLES AUX DEMANDEURS D&rsquo;EMPLOI, SALARI\u00c9S ET ENTREPRISES \\<\/h2>\n<p>[\/et_pb_text][\/et_pb_column][\/et_pb_row][\/et_pb_section][et_pb_section fb_built=\u00a0\u00bb1&Prime; _builder_version=\u00a0\u00bb4.27.5&Prime; _module_preset=\u00a0\u00bbdefault\u00a0\u00bb custom_padding=\u00a0\u00bb49px||8px|||\u00a0\u00bb global_colors_info=\u00a0\u00bb{}\u00a0\u00bb][et_pb_row _builder_version=\u00a0\u00bb4.27.5&Prime; _module_preset=\u00a0\u00bbdefault\u00a0\u00bb width=\u00a0\u00bb99%\u00a0\u00bb module_alignment=\u00a0\u00bbcenter\u00a0\u00bb custom_padding=\u00a0\u00bb20px||106px|||\u00a0\u00bb global_colors_info=\u00a0\u00bb{}\u00a0\u00bb][et_pb_column type=\u00a0\u00bb4_4&Prime; _builder_version=\u00a0\u00bb4.27.5&Prime; _module_preset=\u00a0\u00bbdefault\u00a0\u00bb global_colors_info=\u00a0\u00bb{}\u00a0\u00bb][et_pb_text _builder_version=\u00a0\u00bb4.27.5&Prime; _module_preset=\u00a0\u00bbdefault\u00a0\u00bb text_font=\u00a0\u00bbFira Code|||on|||||\u00a0\u00bb text_font_size=\u00a0\u00bb14px\u00a0\u00bb text_line_height=\u00a0\u00bb1.3em\u00a0\u00bb header_font=\u00a0\u00bbFira Code|||on|||||\u00a0\u00bb header_line_height=\u00a0\u00bb1.3em\u00a0\u00bb header_2_font=\u00a0\u00bbFira Code||||||||\u00a0\u00bb header_2_font_size=\u00a0\u00bb18px\u00a0\u00bb header_2_line_height=\u00a0\u00bb1.3em\u00a0\u00bb module_alignment=\u00a0\u00bbleft\u00a0\u00bb global_colors_info=\u00a0\u00bb{}\u00a0\u00bb]<\/p>\n<p>&nbsp;<\/p>\n<p>&#8211; FRANCE TRAVAIL | A.I.F <a href=\"https:\/\/www.francetravail.fr\/candidat\/en-formation\/mes-aides-financieres\/laide-individuelle-a-la-formatio.html\" target=\"_blank\" rel=\"noopener\">AIDE INDIVIDUELLE \u00c0 LA FORMATION<\/a><\/p>\n<p>&#8211; OPCO | LES 11 OP\u00c9RATREURS DE COMP\u00c9TENCES QUI COUVRENT L&rsquo;ENSEMBLE DES BRANCHES PROFESSIONNELLES ACOOMPAGNENT ET FINANCENT NOS FORMATIONS <a href=\"https:\/\/travail-emploi.gouv.fr\/les-operateurs-de-competences-opco\" target=\"_blank\" rel=\"noopener\">OPCO<\/a><\/p>\n<p>&#8211; AFDAS | L&rsquo;AFDAS EST L&rsquo;OPCO EN CHARGE DU <span>dispositif de formation professionnelle dans les secteurs du Spectacle vivant, du Cin\u00e9ma, de l&rsquo;Audiovisuel, de la Publicit\u00e9 et des Loisirs, DONT LE SPORT SI VOUS \u00caTES BP\/DEJEPS <a href=\"https:\/\/www.afdas.com\/\" target=\"_blank\" rel=\"noopener\">AFDAS<\/a><\/span><\/p>\n<p>&#8211; Dispositif Pro A | Reconversion ou promotion par l\u2019alternance <a href=\"https:\/\/travail-emploi.gouv.fr\/la-reconversion-ou-promotion-par-alternance-pro\" target=\"_blank\" rel=\"noopener\">PRO A<\/a><\/p>\n<p>&#8211; FNE-FORMATION | UN O<span>util d\u2019appui aux mutations \u00e9conomiques (AME) qui accompagne les entreprises proposant des actions de formation concourant au d\u00e9veloppement des comp\u00e9tences de leurs salari\u00e9s <a href=\"https:\/\/les-aides.fr\/aide\/V2Fv3w\/dreets\/fne-formation.html\" target=\"_blank\" rel=\"noopener\">FNE-FORMATION<\/a><\/span><\/p>\n<p>POE |La Pr\u00e9paration Op\u00e9rationnelle \u00e0 l\u2019Emploi\u00a0est une formation permettant d\u2019acqu\u00e9rir, ou de\u00a0d\u00e9velopper, les\u00a0comp\u00e9tences professionnelles n\u00e9cessaires \u00e0 la satisfaction d\u2019un besoin de recrutement<span>\u00a0pr\u00e9alablement identifi\u00e9 <a href=\"https:\/\/travail-emploi.gouv.fr\/la-preparation-operationnelle-lemploi-poe\" target=\"_blank\" rel=\"noopener\">POE<\/a><\/span><\/p>\n<p><span>PTP | <\/span>Projet de transition professionnelle, UNE AIDE POUR CHANGER DE M\u00c9TIER <a href=\"https:\/\/www.service-public.gouv.fr\/particuliers\/vosdroits\/F14018\" target=\"_blank\" rel=\"noopener\">PTP<\/a><\/p>\n<p>&nbsp;<\/p>\n<p><span><\/span><\/p>\n<p><span><\/span><\/p>\n<p>LES FINANCEMENTS VIA MON COMPTE FORMATION (CPF) SONT SUPENDUS LE TEMPS DE LA MISE \u00c0 JOUR DE L&rsquo;INSCRIPTION DES CURSUS CAH MENTION B AU REGISTRE RNCP PAR FRANCE COMP\u00c9TENCE.<\/p>\n<p>PLUS DE DISPOSITIFS SUR\u00a0 <a href=\"https:\/\/les-aides.fr\/\">https:\/\/les-aides.fr\/<\/a><\/p>\n<p>&nbsp;<\/p>\n<p>[\/et_pb_text][\/et_pb_column][\/et_pb_row][\/et_pb_section][et_pb_section fb_built=\u00a0\u00bb1&Prime; _builder_version=\u00a0\u00bb4.27.5&Prime; _module_preset=\u00a0\u00bbdefault\u00a0\u00bb custom_padding=\u00a0\u00bb73px||24px|||\u00a0\u00bb global_colors_info=\u00a0\u00bb{}\u00a0\u00bb][et_pb_row _builder_version=\u00a0\u00bb4.27.5&Prime; _module_preset=\u00a0\u00bbdefault\u00a0\u00bb global_colors_info=\u00a0\u00bb{}\u00a0\u00bb][et_pb_column type=\u00a0\u00bb4_4&Prime; _builder_version=\u00a0\u00bb4.27.5&Prime; _module_preset=\u00a0\u00bbdefault\u00a0\u00bb global_colors_info=\u00a0\u00bb{}\u00a0\u00bb][et_pb_text _builder_version=\u00a0\u00bb4.27.5&Prime; _module_preset=\u00a0\u00bbdefault\u00a0\u00bb header_font=\u00a0\u00bbArial|800|||||||\u00a0\u00bb header_text_color=\u00a0\u00bb#000000&Prime; header_font_size=\u00a0\u00bb20px\u00a0\u00bb header_3_font=\u00a0\u00bb|600||on|||||\u00a0\u00bb header_3_font_size=\u00a0\u00bb19px\u00a0\u00bb custom_padding=\u00a0\u00bb||60px|||\u00a0\u00bb global_colors_info=\u00a0\u00bb{}\u00a0\u00bb]<\/p>\n<h3>FORMATIONS<\/h3>\n<p>[\/et_pb_text][dsm_pricelist separator_style=\u00a0\u00bbdashed\u00a0\u00bb separator_weight=\u00a0\u00bb1px\u00a0\u00bb separator_gap=\u00a0\u00bb12px\u00a0\u00bb price_background_color=\u00a0\u00bbrgba(65,194,29,0.52)\u00a0\u00bb _builder_version=\u00a0\u00bb4.27.5&Prime; _module_preset=\u00a0\u00bbdefault\u00a0\u00bb header_font=\u00a0\u00bbFira Code|||on|||||\u00a0\u00bb header_text_color=\u00a0\u00bb#000000&Prime; header_font_size=\u00a0\u00bb20px\u00a0\u00bb header_line_height=\u00a0\u00bb1.2em\u00a0\u00bb content_font=\u00a0\u00bbArial||||||||\u00a0\u00bb content_font_size=\u00a0\u00bb12px\u00a0\u00bb content_line_height=\u00a0\u00bb1.2em\u00a0\u00bb price_font=\u00a0\u00bbFira Code|||on|||||\u00a0\u00bb price_font_size=\u00a0\u00bb15px\u00a0\u00bb price_line_height=\u00a0\u00bb1.3em\u00a0\u00bb custom_padding=\u00a0\u00bb||47px|||\u00a0\u00bb global_colors_info=\u00a0\u00bb{}\u00a0\u00bb][dsm_pricelist_child price=\u00a0\u00bb1350\u20ac \u00a0\u00bb title=\u00a0\u00bbCAH 0B\u00a0\u00bb _builder_version=\u00a0\u00bb4.27.5&Prime; _module_preset=\u00a0\u00bbdefault\u00a0\u00bb global_colors_info=\u00a0\u00bb{}\u00a0\u00bb]<\/p>\n<p><strong>PARCOURS COMPLET<\/strong> | 24H00 (3 JOURS) \\ PR\u00c9-REQUS PA20<\/p>\n<p>[\/dsm_pricelist_child][dsm_pricelist_child price=\u00a0\u00bb2400\u20ac \u00a0\u00bb title=\u00a0\u00bbCAH 1B\u00a0\u00bb _builder_version=\u00a0\u00bb4.27.5&Prime; _module_preset=\u00a0\u00bbdefault\u00a0\u00bb global_colors_info=\u00a0\u00bb{}\u00a0\u00bb]<\/p>\n<p><strong>PARCOURS COMPLET<\/strong> | 49H00 (7 JOURS) \\ PR\u00c9-REQUS PA40<\/p>\n<p>[\/dsm_pricelist_child][dsm_pricelist_child price=\u00a0\u00bb1800\u20ac \u00a0\u00bb title=\u00a0\u00bbCAH 1B\u00a0\u00bb _builder_version=\u00a0\u00bb4.27.5&Prime; _module_preset=\u00a0\u00bbdefault\u00a0\u00bb global_colors_info=\u00a0\u00bb{}\u00a0\u00bb]<\/p>\n<p><strong>PARCOURS ALL\u00c9G\u00c9<\/strong> | 35H00 (5 JOURS) \\ PR\u00c9-REQUS E2 + NITROX<\/p>\n<p>[\/dsm_pricelist_child][dsm_pricelist_child price=\u00a0\u00bb3400\u20ac \u00a0\u00bb title=\u00a0\u00bbCAH 2B\u00a0\u00bb _builder_version=\u00a0\u00bb4.27.5&Prime; _module_preset=\u00a0\u00bbdefault\u00a0\u00bb global_colors_info=\u00a0\u00bb{}\u00a0\u00bb]<\/p>\n<p><strong>PARCOURS COMPLET<\/strong> | 70H00 (10 JOURS) \\ PR\u00c9-REQUS CAH 1B + PA60\u00a0<\/p>\n<p>[\/dsm_pricelist_child][dsm_pricelist_child price=\u00a0\u00bb1800\u20ac \u00a0\u00bb title=\u00a0\u00bbCAH 2B\u00a0\u00bb _builder_version=\u00a0\u00bb4.27.5&Prime; _module_preset=\u00a0\u00bbdefault\u00a0\u00bb global_colors_info=\u00a0\u00bb{}\u00a0\u00bb]<\/p>\n<p><strong>PARCOURS ALL\u00c9G\u00c9<\/strong> | 35H00 (5 JOURS) \\ PR\u00c9-REQUS CAH 1B + E2 + NITROX CONFIRM\u00c9<\/p>\n<p>[\/dsm_pricelist_child][dsm_pricelist_child price=\u00a0\u00bb6300\u20ac \u00a0\u00bb title=\u00a0\u00bbCAH 3B\u00a0\u00bb _builder_version=\u00a0\u00bb4.27.5&Prime; _module_preset=\u00a0\u00bbdefault\u00a0\u00bb global_colors_info=\u00a0\u00bb{}\u00a0\u00bb]<\/p>\n<p><strong>PARCOURS COMPLET<\/strong> | 70H00 (10 JOURS) \\ PR\u00c9-REQUS CAH 2B + PA 60 + CCR REVO DILUANT AIR<\/p>\n<p>HORS GAZ ET CONSOMMABLES\u00a0<\/p>\n<p>[\/dsm_pricelist_child][dsm_pricelist_child price=\u00a0\u00bb3400\u20ac \u00a0\u00bb title=\u00a0\u00bbCAH 3B\u00a0\u00bb _builder_version=\u00a0\u00bb4.27.5&Prime; _module_preset=\u00a0\u00bbdefault\u00a0\u00bb global_colors_info=\u00a0\u00bb{}\u00a0\u00bb]<\/p>\n<p><strong>PARCOURS ALL\u00c9G\u00c9<\/strong> | 45H00 (5 JOURS) \\ PR\u00c9-REQUS CAH 2B + CCR TOUTE MACHINE NORM\u00c9E CE + PTH70 OU PTH120<\/p>\n<p>HORS GAZ ET CONSOMMABLES\u00a0<\/p>\n<p>[\/dsm_pricelist_child][dsm_pricelist_child price=\u00a0\u00bb450\u20ac \u00a0\u00bb title=\u00a0\u00bbRECYCLAGE\u00a0\u00bb _builder_version=\u00a0\u00bb4.27.5&Prime; _module_preset=\u00a0\u00bbdefault\u00a0\u00bb global_colors_info=\u00a0\u00bb{}\u00a0\u00bb]<\/p>\n<p>CAH 0\/1\/2\/3 MENTION B | 07H00 (1 JOUR)<\/p>\n<p>[\/dsm_pricelist_child][\/dsm_pricelist][\/et_pb_column][\/et_pb_row][\/et_pb_section][et_pb_section fb_built=\u00a0\u00bb1&Prime; _builder_version=\u00a0\u00bb4.27.5&Prime; _module_preset=\u00a0\u00bbdefault\u00a0\u00bb min_height=\u00a0\u00bb734px\u00a0\u00bb custom_margin=\u00a0\u00bb44px|||||\u00a0\u00bb custom_padding=\u00a0\u00bb73px|||||\u00a0\u00bb global_colors_info=\u00a0\u00bb{}\u00a0\u00bb][et_pb_row _builder_version=\u00a0\u00bb4.27.5&Prime; _module_preset=\u00a0\u00bbdefault\u00a0\u00bb global_colors_info=\u00a0\u00bb{}\u00a0\u00bb][et_pb_column type=\u00a0\u00bb4_4&Prime; _builder_version=\u00a0\u00bb4.27.5&Prime; _module_preset=\u00a0\u00bbdefault\u00a0\u00bb global_colors_info=\u00a0\u00bb{}\u00a0\u00bb][et_pb_text _builder_version=\u00a0\u00bb4.27.5&Prime; _module_preset=\u00a0\u00bbdefault\u00a0\u00bb header_font=\u00a0\u00bbArial|800|||||||\u00a0\u00bb header_text_color=\u00a0\u00bb#000000&Prime; header_font_size=\u00a0\u00bb20px\u00a0\u00bb header_3_font=\u00a0\u00bb|600|||||||\u00a0\u00bb header_3_font_size=\u00a0\u00bb19px\u00a0\u00bb custom_padding=\u00a0\u00bb||60px|||\u00a0\u00bb global_colors_info=\u00a0\u00bb{}\u00a0\u00bb]<\/p>\n<h3>LOCATIONS &amp; CONSOMMABLES<\/h3>\n<p>[\/et_pb_text][dsm_pricelist separator_style=\u00a0\u00bbdashed\u00a0\u00bb separator_weight=\u00a0\u00bb1px\u00a0\u00bb separator_gap=\u00a0\u00bb12px\u00a0\u00bb price_background_color=\u00a0\u00bbrgba(65,194,29,0.52)\u00a0\u00bb _builder_version=\u00a0\u00bb4.27.5&Prime; _module_preset=\u00a0\u00bbdefault\u00a0\u00bb header_font=\u00a0\u00bbFira Code|||on|||||\u00a0\u00bb header_text_color=\u00a0\u00bb#000000&Prime; header_font_size=\u00a0\u00bb20px\u00a0\u00bb header_line_height=\u00a0\u00bb1.2em\u00a0\u00bb content_font=\u00a0\u00bbArial||||||||\u00a0\u00bb content_font_size=\u00a0\u00bb12px\u00a0\u00bb content_line_height=\u00a0\u00bb1.2em\u00a0\u00bb price_font=\u00a0\u00bbFira Code|||on|||||\u00a0\u00bb price_font_size=\u00a0\u00bb15px\u00a0\u00bb price_line_height=\u00a0\u00bb1.3em\u00a0\u00bb global_colors_info=\u00a0\u00bb{}\u00a0\u00bb][dsm_pricelist_child price=\u00a0\u00bb400\u20ac \u00a0\u00bb title=\u00a0\u00bbPACK GAZ DILUANT CAH 3B\u00a0\u00bb _builder_version=\u00a0\u00bb4.27.5&Prime; _module_preset=\u00a0\u00bbdefault\u00a0\u00bb global_colors_info=\u00a0\u00bb{}\u00a0\u00bb]<\/p>\n<p><strong>PARCOURS COMPLET<\/strong> | GAZ DILUANTS OXYG\u00c8NE &amp; TRIMIX<\/p>\n<p>[\/dsm_pricelist_child][dsm_pricelist_child price=\u00a0\u00bb600\u20ac \u00a0\u00bb title=\u00a0\u00bbPACK GAZ DILUANT + BO CAH 3B\u00a0\u00bb _builder_version=\u00a0\u00bb4.27.5&Prime; _module_preset=\u00a0\u00bbdefault\u00a0\u00bb global_colors_info=\u00a0\u00bb{}\u00a0\u00bb]<\/p>\n<p><strong>PARCOURS COMPLET<\/strong> | GAZ DILUANTS + GAZ BAIL-OUT OXYG\u00c8NE &amp; TRIMIX<\/p>\n<p>[\/dsm_pricelist_child][dsm_pricelist_child price=\u00a0\u00bb220\u20ac \u00a0\u00bb title=\u00a0\u00bbPACK GAZ DILUANT  CAH 3B \u00a0\u00bb _builder_version=\u00a0\u00bb4.27.5&Prime; _module_preset=\u00a0\u00bbdefault\u00a0\u00bb global_colors_info=\u00a0\u00bb{}\u00a0\u00bb]<\/p>\n<p><strong>PARCOURS ALL\u00c9G\u00c9<\/strong> | GAZ DILUANTS OXYG\u00c8NE &amp; TRIMIX<\/p>\n<p>[\/dsm_pricelist_child][dsm_pricelist_child price=\u00a0\u00bb320\u20ac \u00a0\u00bb title=\u00a0\u00bbPACK GAZ DILUANT  CAH 3B \u00a0\u00bb _builder_version=\u00a0\u00bb4.27.5&Prime; _module_preset=\u00a0\u00bbdefault\u00a0\u00bb global_colors_info=\u00a0\u00bb{}\u00a0\u00bb]<\/p>\n<p><strong>PARCOURS ALL\u00c9G\u00c9<\/strong> | GAZ DILUANTS + BAIL OUT OXYG\u00c8NE &amp; TRIMIX<\/p>\n<p>[\/dsm_pricelist_child][dsm_pricelist_child price=\u00a0\u00bb22\u20ac\u00a0\u00bb title=\u00a0\u00bbGONFLAGE OXYG\u00c8NE CCR\u00a0\u00bb _builder_version=\u00a0\u00bb4.27.5&Prime; _module_preset=\u00a0\u00bbdefault\u00a0\u00bb global_colors_info=\u00a0\u00bb{}\u00a0\u00bb]<\/p>\n<p>BOUTEILLES 2 OU 3L<\/p>\n<p>[\/dsm_pricelist_child][dsm_pricelist_child price=\u00a0\u00bb16,50\u20ac\u00a0\u00bb title=\u00a0\u00bbCHAUX\u00a0\u00bb _builder_version=\u00a0\u00bb4.27.5&Prime; _module_preset=\u00a0\u00bbdefault\u00a0\u00bb global_colors_info=\u00a0\u00bb{}\u00a0\u00bb]<\/p>\n<p>REMPLISSAGE DE LA CHAUX 1 CASSETTE?<\/p>\n<p>[\/dsm_pricelist_child][dsm_pricelist_child price=\u00a0\u00bb100\u20ac\u00a0\u00bb title=\u00a0\u00bbLOCATION CCR REVO REBREATHERS\u00a0\u00bb _builder_version=\u00a0\u00bb4.27.5&Prime; _module_preset=\u00a0\u00bbdefault\u00a0\u00bb global_colors_info=\u00a0\u00bb{}\u00a0\u00bb]<\/p>\n<p>LOCATION D&rsquo;UNE MACHINE CCR <a href=\"https:\/\/www.revo-rebreathers.com\/\" target=\"_blank\" rel=\"noopener\">REVO REBREATHERS<\/a> \/ JOUR<\/p>\n<p>[\/dsm_pricelist_child][dsm_pricelist_child price=\u00a0\u00bb22\u20ac\u00a0\u00bb title=\u00a0\u00bbBAIL-OUT + D\u00c9TENDEUR\u00a0\u00bb _builder_version=\u00a0\u00bb4.27.5&Prime; _module_preset=\u00a0\u00bbdefault\u00a0\u00bb global_colors_info=\u00a0\u00bb{}\u00a0\u00bb]<\/p>\n<p>LOCATION D&rsquo;UNE BOUTEILLE DE S\u00c9CURIT\u00c9 OU D\u00c9COMPRESSION AVEC D\u00c9TENDEUR \u00c9QUIP\u00c9 D&rsquo;UN DEUXI\u00c8ME \u00c9TAGE, D&rsquo;UN MANOM\u00c8TRE ET D&rsquo;UN DIRECT SYST\u00c8ME (HORS GAZ) \/ JOUR<\/p>\n<p>[\/dsm_pricelist_child][\/dsm_pricelist][\/et_pb_column][\/et_pb_row][et_pb_row _builder_version=\u00a0\u00bb4.27.5&Prime; _module_preset=\u00a0\u00bbdefault\u00a0\u00bb width=\u00a0\u00bb100%\u00a0\u00bb custom_margin=\u00a0\u00bb44px|auto||auto||\u00a0\u00bb custom_padding=\u00a0\u00bb57px||57px|||\u00a0\u00bb global_colors_info=\u00a0\u00bb{}\u00a0\u00bb][et_pb_column type=\u00a0\u00bb4_4&Prime; _builder_version=\u00a0\u00bb4.27.5&Prime; _module_preset=\u00a0\u00bbdefault\u00a0\u00bb global_colors_info=\u00a0\u00bb{}\u00a0\u00bb][et_pb_divider color=\u00a0\u00bb#000000&Prime; divider_position=\u00a0\u00bbcenter\u00a0\u00bb divider_weight=\u00a0\u00bb1px\u00a0\u00bb _builder_version=\u00a0\u00bb4.27.5&Prime; _module_preset=\u00a0\u00bbdefault\u00a0\u00bb width=\u00a0\u00bb100%\u00a0\u00bb max_width=\u00a0\u00bb100%\u00a0\u00bb module_alignment=\u00a0\u00bbcenter\u00a0\u00bb global_colors_info=\u00a0\u00bb{}\u00a0\u00bb][\/et_pb_divider][\/et_pb_column][\/et_pb_row][\/et_pb_section][et_pb_section fb_built=\u00a0\u00bb1&Prime; _builder_version=\u00a0\u00bb4.27.5&Prime; _module_preset=\u00a0\u00bbdefault\u00a0\u00bb custom_padding=\u00a0\u00bb||100px|||\u00a0\u00bb global_colors_info=\u00a0\u00bb{}\u00a0\u00bb][et_pb_row _builder_version=\u00a0\u00bb4.27.5&Prime; _module_preset=\u00a0\u00bbdefault\u00a0\u00bb global_colors_info=\u00a0\u00bb{}\u00a0\u00bb][et_pb_column type=\u00a0\u00bb4_4&Prime; _builder_version=\u00a0\u00bb4.27.5&Prime; _module_preset=\u00a0\u00bbdefault\u00a0\u00bb global_colors_info=\u00a0\u00bb{}\u00a0\u00bb][et_pb_text _builder_version=\u00a0\u00bb4.27.5&Prime; _module_preset=\u00a0\u00bbdefault\u00a0\u00bb text_font=\u00a0\u00bbArial||||||||\u00a0\u00bb custom_margin=\u00a0\u00bb||60px|||\u00a0\u00bb custom_padding=\u00a0\u00bb||17px|||\u00a0\u00bb global_colors_info=\u00a0\u00bb{}\u00a0\u00bb]<\/p>\n<p>TOUS NOS TARIFS SONT AFFICH\u00c9S EN TTC<\/p>\n<p>LES GAZ NITROX SONT COMPRIS DANS LES FORMATIONS CAH 1B ET 2B<\/p>\n<p>TOUTE LOCATION DE MAT\u00c9RIEL SUPPL\u00c9MENTAIRE EST A R\u00c9GLER AUPR\u00c8S DE <a href=\"https:\/\/krakenplongee.fr\/tarifs\/\" target=\"_blank\" rel=\"noopener\">KRAKEN PLONG\u00c9E<\/a> OU <a href=\"https:\/\/www.plongee-calvi-corse.com\/\">HIPPOCAMPE PLONG\u00c9E<\/a>.<\/p>\n<p>EN FONCTION DU MOYEN DE FINANCMEMENT DE LA FORMATION NOUS POUVONS APPLIQUER DES FRAIS ADMINISTRATIF DE 100 \u00c0 250\u20ac TTC.<\/p>\n<p>SI VOTRE FORMATION EST FINANC\u00c9E ET QUE VOUS SOUHIATEZ INT\u00c9GRER TOUS LES CO\u00dbTS,\u00a0 DEMANDEZ UN DEVIS SUR MESURE.<\/p>\n<p><a href=\"https:\/\/www.ecoleinterventionshyperbares.com\/index.php\/cgv\/\">CONSULTEZ NOS CVG<\/a><\/p>\n<p>[\/et_pb_text][et_pb_button button_url=\u00a0\u00bbhttp:\/\/contact@ecoleinterventionshyperbares.com\u00a0\u00bb button_text=\u00a0\u00bbJE DEMANDE UN DEVIS\u00a0\u00bb _builder_version=\u00a0\u00bb4.27.6&Prime; _module_preset=\u00a0\u00bbdefault\u00a0\u00bb custom_button=\u00a0\u00bbon\u00a0\u00bb button_text_size=\u00a0\u00bb15px\u00a0\u00bb button_text_color=\u00a0\u00bb#ffffff\u00a0\u00bb button_bg_color=\u00a0\u00bbrgba(65,194,29,0.89)\u00a0\u00bb button_border_color=\u00a0\u00bbRGBA(255,255,255,0)\u00a0\u00bb button_border_radius=\u00a0\u00bb0px\u00a0\u00bb button_letter_spacing=\u00a0\u00bb0px\u00a0\u00bb button_font=\u00a0\u00bbArial||||||||\u00a0\u00bb button_use_icon=\u00a0\u00bboff\u00a0\u00bb global_colors_info=\u00a0\u00bb{}\u00a0\u00bb][\/et_pb_button][\/et_pb_column][\/et_pb_row][\/et_pb_section]<\/p>\n","protected":false},"excerpt":{"rendered":"<p>NOS FORMATIONS PROFESSIONNELLES SONT CERTIFI\u00c9ES APAVE ET QUALIOPI ET PEUVENT FAIRE L&rsquo;OBJET DE FINANCEMENTS. LE CO\u00dbT DE LA FORMATION PEUT-\u00caTRE PRIS EN CHARGE PAR L&rsquo;EMPLOYEUR OU DIVERS ORGANISMES COMME FRANCE TRAVAIL OU LES OPCO. VOICI UNE LISTE DES PRINCIPALES OPTIONS DE FINANCEMENTS POSSIBLES ACCESSIBLES AUX DEMANDEURS D&rsquo;EMPLOI, SALARI\u00c9S ET ENTREPRISES \\&nbsp; &#8211; FRANCE TRAVAIL | [&hellip;]<\/p>\n","protected":false},"author":1,"featured_media":0,"parent":0,"menu_order":0,"comment_status":"closed","ping_status":"closed","template":"","meta":{"_et_pb_use_builder":"on","_et_pb_old_content":"","_et_gb_content_width":"","footnotes":""},"class_list":["post-601","page","type-page","status-publish","hentry"],"_links":{"self":[{"href":"https:\/\/www.ecoleinterventionshyperbares.com\/index.php\/wp-json\/wp\/v2\/pages\/601","targetHints":{"allow":["GET"]}}],"collection":[{"href":"https:\/\/www.ecoleinterventionshyperbares.com\/index.php\/wp-json\/wp\/v2\/pages"}],"about":[{"href":"https:\/\/www.ecoleinterventionshyperbares.com\/index.php\/wp-json\/wp\/v2\/types\/page"}],"author":[{"embeddable":true,"href":"https:\/\/www.ecoleinterventionshyperbares.com\/index.php\/wp-json\/wp\/v2\/users\/1"}],"replies":[{"embeddable":true,"href":"https:\/\/www.ecoleinterventionshyperbares.com\/index.php\/wp-json\/wp\/v2\/comments?post=601"}],"version-history":[{"count":26,"href":"https:\/\/www.ecoleinterventionshyperbares.com\/index.php\/wp-json\/wp\/v2\/pages\/601\/revisions"}],"predecessor-version":[{"id":1328,"href":"https:\/\/www.ecoleinterventionshyperbares.com\/index.php\/wp-json\/wp\/v2\/pages\/601\/revisions\/1328"}],"wp:attachment":[{"href":"https:\/\/www.ecoleinterventionshyperbares.com\/index.php\/wp-json\/wp\/v2\/media?parent=601"}],"curies":[{"name":"wp","href":"https:\/\/api.w.org\/{rel}","templated":true}]}}